14544879?
17, 2767, 4561
What are the prime factors of 140135966?
2, 71, 661, 1493
What are the prime factors of 105151473?
3, 7, 31, 131, 137
List the prime factors of 350045495.
5, 41, 1707539
List the prime factors of 125682923.
601, 209123
List the prime factors of 418320800.
2, 5, 79, 6619
What are the prime factors of 33142927?
33142927
What are the prime factors of 489220546?
2, 29, 43, 196159
What are the prime factors of 1529186254?
2, 16451, 46477
What are the prime factors of 7485728?
2, 449, 521
What are the prime factors of 303956103?
3, 11, 9210791
List the prime factors of 975120261.
3, 19, 41, 103, 4051
List the prime factors of 7128866824.
2, 3319, 268487
List the prime factors of 97651891.
31, 1381, 2281
List the prime factors of 2565661540.
2, 5, 13, 9867929
List the prime factors of 785976392.
2, 98247049
What are the prime factors of 241306981?
10009, 24109
What are the prime factors of 5987451064?
2, 7, 43, 2486483
What are the prime factors of 320907412?
2, 7, 31, 369709
List the prime factors of 6480974699.
107, 547, 110731
What are the prime factors of 94143384?
2, 3, 145283
What are the prime factors of 369934718?
2, 31, 41, 269, 541
What are the prime factors of 160978165?
5, 19, 1694507
List the prime factors of 113585813.
11, 563, 18341
What are the prime factors of 35497335?
3, 5, 2366489
List the prime factors of 3790415587.
7, 193, 2805637
What are the prime factors of 199299911?
19, 71, 147739
What are the prime factors of 692583900?
2, 3, 5, 131, 17623
What are the prime factors of 173823082?
2, 83, 1047127
What are the prime factors of 182421023?
347, 525709
List the prime factors of 55367596.
2, 19, 728521
List the prime factors of 96576262.
2, 3319, 14549
List the prime factors of 605088911.
7, 6563, 13171
List the prime factors of 89692549.
89692549
List the prime factors of 390681235.
5, 7, 1223, 9127
What are the prime factors of 2083516647?
3, 739, 939791
List the prime factors of 3048373745.
5, 167, 419, 8713
What are the prime factors of 4979776367?
19, 262093493
What are the prime factors of 1728033?
3, 17, 31, 1093
What are the prime factors of 3083598285?
3, 5, 67, 223, 13759
List the prime factors of 53740263.
3, 883, 20287
List the prime factors of 106947327.
3, 1409, 25301
What are the prime factors of 48962903?
11, 313, 14221
What are the prime factors of 427086444?
2, 3, 17, 467, 4483
What are the prime factors of 1512621305?
5, 13, 89, 373, 701
List the prime factors of 4564515.
3, 5, 304301
List the prime factors of 26412025.
5, 1056481
List the prime factors of 1122729944.
2, 7, 929, 3083
What are the prime factors of 402156567?
3, 59, 71, 10667
What are the prime factors of 32383108?
2, 139, 58243
What are the prime factors of 62048149?
37, 193, 8689
List the prime factors of 5915104.
2, 13, 59, 241
List the prime factors of 1341356545.
5, 263, 1020043
List the prime factors of 400014571.
11, 36364961
What are the prime factors of 421303203?
3, 109, 429463
List the prime factors of 369775547.
369775547
What are the prime factors of 99976291?
1607, 62213
What are the prime factors of 117528598?
2, 11, 1949, 2741
What are the prime factors of 88917773?
7, 71, 178909
List the prime factors of 5525071967.
29, 631, 301933
List the prime factors of 82343353.
1049, 78497
List the prime factors of 69069921.
3, 19, 109, 11117
What are the prime factors of 10857414?
2, 3, 43, 42083
List the prime factors of 416540944.
2, 59, 441251
List the prime factors of 528666662.
2, 264333331
List the prime factors of 362490792.
2, 3, 61, 247603
What are the prime factors of 722892754?
2, 37, 101, 311
List the prime factors of 4064668468.
2, 7, 23, 6311597
List the prime factors of 67511260.
2, 5, 1489, 2267
What are the prime factors of 706494451?
13, 367, 373, 397
List the prime factors of 1229187499.
17, 229, 315743
List the prime factors of 2497117604.
2, 67, 1307, 7129
What are the prime factors of 1246196147?
7, 178028021
List the prime factors of 76329006.
2, 3, 13, 31, 31567
What are the prime factors of 66142198?
2, 53, 623983
What are the prime factors of 35978767?
11, 3270797
What are the prime factors of 20150860?
2, 5, 59, 17077
What are the prime factors of 583019768?
2, 7331, 9941
List the prime factors of 65119087.
11, 599, 9883
What are the prime factors of 1940119444?
2, 485029861
What are the prime factors of 89515610?
2, 5, 499, 17939
List the prime factors of 2720745099.
3, 100768337
List the prime factors of 50437802.
2, 59, 427439
What are the prime factors of 347143283?
13381, 25943
What are the prime factors of 1008738164?
2, 7, 199, 269, 673
List the prime factors of 33415183.
17, 79, 139, 179
What are the prime factors of 30773527?
30773527
List the prime factors of 74779887.
3, 7, 13, 273919
What are the prime factors of 139671251?
787, 177473
List the prime factors of 29850399.
3, 3316711
List the prime factors of 95826414.
2, 3, 15971069
What are the prime factors of 2858541456?
2, 3, 653, 91199
What are the prime factors of 500721704?
2, 7, 8941459
What are the prime factors of 70273064?
2, 37, 237409
List the prime factors of 181371327.
3, 1093, 55313
What are the prime factors of 65822597?
65822597
List the prime factors of 40911181.
23, 1778747
List the prime factors of 2800583092.
2, 700145773
List the prime factors of 218557716.
2, 3, 13, 41, 34171
What are the prime factors of 53253435?
3, 5, 17, 208837
What are the prime factors of 35417765?
5, 1429, 4957
What are the prime factors of 518578117?
103, 421, 11959
List the prime factors of 185658842.
2, 19, 1789, 2731
List the prime factors of 92524284.
2, 3, 2570119
List the prime factors of 397483712.
2, 653, 9511
List the prime factors of 634481105.
5, 23, 5517227
What are the prime factors of 6864181?
6864181
What are the prime factors of 806352513?
3, 268784171
What are the prime factors of 598496954?
2, 11, 29, 938083
What are the prime factors of 69479205?
3, 5, 23, 201389
List the prime factors of 696165298.
2, 89, 197, 19853
List the prime factors of 961113916.
2, 7, 229, 149893
List the prime factors of 123640952.
2, 15455119
List the prime factors of 38142911.
1163, 32797
List the prime factors of 720259132.
2, 5167, 34849
List the prime factors of 2134370224.
2, 7, 67, 179, 227
What are the prime factors of 1147165697?
33091, 34667
What are the prime factors of 54156503?
101, 536203
List the prime factors of 272712760.
2, 5, 6817819
What are the prime factors of 18783573?
3, 6261191
What are the prime factors of 883486538?
2, 11, 40158479
What are the prime factors of 1052951352?
2, 3, 173, 253601
What are the prime factors of 27182291?
89, 305419
List the prime factors of 2237039234.
2, 8693, 128669
What are the prime factors of 2808516419?
107, 3917, 6701
List the prime factors of 216774467.
7, 13, 431, 5527
List the prime factors of 67553578.
2, 33776789
List the prime factors of 6314563831.
22811, 276821
List the prime factors of 24873326.
2, 331, 37573
What are the prime factors of 1224073266?
2, 3, 13, 53, 296099
What are the prime factors of 546859834?
2, 353, 774589
List the prime factors of 3586465995.
3, 5, 7, 311, 109829
List the prime factors of 43074189.
3, 59, 81119
What are the prime factors of 1025647093?
1025647093
List the prime factors of 46224680.
2, 5, 1155617
What are the prime factors of 2260723542?
2, 3, 7, 11, 4893341
What are the prime factors of 2016045123?
3, 672015041
List the prime factors of 219197863.
29, 1531, 4937
List the prime factors of 604819766.
2, 29, 1109, 9403
List the prime factors of 3032416023.
3, 7, 13, 11107751
List the prime factors of 30363474.
2, 3, 73, 181, 383
What are the prime factors of 800639437?
13, 1213, 50773
List the prime factors of 15729961.
13, 467, 2591
What are the prime factors of 969989087?
59, 683, 24071
List the prime factors of 3784579794.
2, 3, 70084811
List the prime factors of 1899393415.
5, 661, 574703
What are the prime factors of 2037474597?
3, 31, 37, 89, 6653
What are the prime factors of 178965246?
2, 3, 41, 727501
What are the prime factors of 1112121720?
2, 3, 5, 41, 75347
What are the prime factors of 3757781752?
2, 469722719
List the prime factors of 2031949.
71, 28619
List the prime factors of 3795721.
419, 9059
List the prime 